ist the prime factors of x.
3, 7, 19
Suppose 2*l = -4*c + 150, 4*l - 7*c = -4*c + 267. What are the prime factors of l?
3, 23
Suppose 6*p = 18*p - 5724. Suppose 6*a - p + 147 = 0. What are the prime factors of a?
5, 11
Let t = -252 + 581. Suppose -7*y + 987 + t = 0. List the prime factors of y.
2, 47
What are the prime factors of (-12)/(-6) - ((-3465)/7 - 2)?
499
Suppose 4*o - 2*o = 16. Suppose 0 = 4*m + o + 4, -3*q - 5*m + 138 = 0. List the prime factors of q/1*2/3.
2, 17
Let q(f) = f**2 + 2*f. Let h be q(-3). Suppose -4*w - n = w - 57, -h*w + 35 = n. What are the prime factors of w?
11
Let o = -37 - 17. Let t = -35 - o. List the prime factors of t.
19
Let u(s) = s**2 - 2*s + 66. Let y be u(0). Suppose y = 2*z + z. List the prime factors of z.
2, 11
Let t(s) = 2*s + 2. Let z = -20 + 22. Let b be t(z). What are the prime factors of (5*2)/(-5 + b)?
2, 5
Suppose -8*h + 8234 + 10694 = 0. List the prime factors of h.
2, 7, 13
Suppose 2*s + 0*s = q - 8, 2*q - 15 = 5*s. Let l = -8 + q. Suppose -l*c - 36 = -6*c. What are the prime factors of c?
3
Suppose -3*a + 345 = 3*t - 786, 0 = 3*a + 4*t - 1131. Let h = 544 - a. What are the prime factors of h?
167
Let f(j) be the second derivative of -17*j**3/6 + 2*j**2 - 10*j. Let i be f(2). List the prime factors of i/(-20) + (-31)/(-2).
17
Let g = -762 - -1161. List the prime factors of g.
3, 7, 19
Let l = 105 - 105. Suppose l = 2*r - j - 120, 3*r = 8*r - 4*j - 306. What are the prime factors of r?
2, 29
Suppose -38*o + 33*o = -1330. What are the prime factors of o?
2, 7, 19
List the prime factors of (-1238)/((133/(-21) + 7)/(-1)).
3, 619
Suppose 2*m - 1480 = -2*m. Suppose -27*s = -32*s + m. List the prime factors of s.
2, 37
Suppose 7*w - 5*r - 5774 = 3*w, 1454 = w + 4*r. Suppose 298 = d + 5*j, -8*j + 11*j - w = -5*d. What are the prime factors of d?
2, 3
Let j(d) = -d**3 + 19*d**2 + 9*d - 27. Let u be 3*(4 + 21/9). What are the prime factors of j(u)?
2, 3
Let t = -1087 + 1368. What are the prime factors of t?
281
Let y be (45/20)/(346/(-176) - -2). Let n = 77 + y. What are the prime factors of n?
11, 13
Let p(u) = -u**3 + 6*u**2 - 7. Let t be p(6). Suppose 8 = -c - 6. Let x = t - c. What are the prime factors of x?
7
Let y be -1 + -3 + (0 - -7). Let j be y/(-2)*296/6. Let r = -48 - j. List the prime factors of r.
2, 13
Let u = -11 + 17. Suppose -16 = -0*t - 2*t. Suppose 44 = t*m - u*m. What are the prime factors of m?
2, 11
Let s = 70 - 68. Suppose 501 = 4*l - g, s*l = 2*g + 156 + 90. List the prime factors of l.
2, 3, 7
Suppose -2*q - 5*x = 1 - 16, -4*x = -12. Suppose 0 = -d + 5 - q. List the prime factors of d.
5
Suppose -j + 21 = -18. Suppose u - 90 = -2*o, -3*o - 2*u = -j - 98. What are the prime factors of o?
43
Suppose -5*b = 5*g - 25 - 60, -g + 97 = 5*b. Suppose -4*l = -5*m - 425, 0*m = -4*m - b. What are the prime factors of l?
2, 5
Let d be (-1)/((-52)/50 + 1). Let a = 34 - d. List the prime factors of a.
3
Let h(w) = w**2 + 6*w. Let x be h(-7). Let z = x - -10. List the prime factors of z.
17
Suppose 3*y - 88 = 242. Let t = 292 - y. List the prime factors of t.
2, 7, 13
Let u(v) = -v**2 - 10*v + 11. Let z be u(-11). List the prime factors of (-83)/(-4 + 3 - (z + 0)).
83
Let j(s) = -s**3 + 27*s**2 + 17*s + 43. List the prime factors of j(14).
3, 23, 41
Let n = -23 + 27. Suppose -2*y - 3*q + 300 = 3*y, -3*y - n*q + 191 = 0. What are the prime factors of y?
3, 19
Let c = 12 + -12. Suppose 5*f = -5*b, -2*b - b + 3*f + 12 = c. Suppose -40 = -b*l + 5*i, 3 - 43 = -2*l + 4*i. List the prime factors of l.
2, 5
Suppose -15 + 5 = -5*j. Suppose j*t - 4 = t. List the prime factors of t/(-6) - (-497)/21.
23
Let x(u) = -1361*u + 54. What are the prime factors of x(-2)?
2, 347
Let u be (172 + -1)/((-3)/(-3)). Suppose -6*b + 339 = -u. What are the prime factors of b?
5, 17
Let k = -7 - -11. Let y = -117 - -209. Suppose -k*x - y = -6*x. What are the prime factors of x?
2, 23
Let k = 107 + -103. Suppose -n + k*n - 4*c = 39, -2*n - c = -15. List the prime factors of n.
3
Let x(p) = -p**2 + 29*p - 114. What are the prime factors of x(20)?
2, 3, 11
Suppose -3*m = -2*r - 11, -4*r + 3*m = -r + 9. Let h = 6 - r. Suppose 3*d - 16 = -h*q + 46, 70 = 3*d - 4*q. List the prime factors of d.
2, 11
Let z(i) = i**3 - 9*i**2 + 14*i - 28. Let x be 13 + -1 - (-5)/(5/(-3)). List the prime factors of z(x).
2, 7
Let u = 5 - -266. What are the prime factors of u?
271
Let i(r) = -15 - 6*r + 20 + 15. List the prime factors of i(-9).
2, 37
Suppose i = p + 4, 0*i - 2*i + 4*p + 10 = 0. Suppose -40*m + 27*m = 44*m. Suppose m*w = i*w - 30. What are the prime factors of w?
2, 5
Let i(o) = -o**2 - 5*o. Suppose 4*k = -0*k + 4. Let j be (-9)/(-6)*(k + -3). List the prime factors of i(j).
2, 3
Let c(d) = 2 + d - 4*d - d + 0*d. Let q be c(-1). What are the prime factors of (-9)/q*(-82)/3?
41
Suppose -i + 5095 = 3*q, -4*q = -10*i + 9*i + 5088. What are the prime factors of i?
2, 19, 67
Suppose 23 = 5*y + 8. Suppose z + y*z = 112. Suppose -t + z = 6. What are the prime factors of t?
2, 11
Let x(n) = n**3 + 14*n**2 - 12*n + 48. What are the prime factors of x(8)?
2, 5, 17
Let u(a) = a**2 - 6*a + 5. Let r(n) = n + 14. Let k be r(-8). Let d be u(k). Suppose 0 = i + d - 47. What are the prime factors of i?
2, 3, 7
List the prime factors of -3 + 2 + (4 - 7) - -887.
883
Suppose 12*a - 15*a + 609 = 0. List the prime factors of a.
7, 29
Suppose 15 = -13*f + 12*f. What are the prime factors of (-9)/f - (976/20)/(-2)?
5
Let j(d) = d**3 - 3*d**2 + 2*d - 4. Let t be j(4). Suppose 2*s + 15 = 3*p, 5*s = -p + 5*p - t. Suppose -20 = p*b - 9*b. What are the prime factors of b?
5
Let r be ((1 + -17)/4)/(1/74). Let h = r + 488. What are the prime factors of h?
2, 3
Suppose -9*j = -12*j + 5*r + 1026, r = j - 340. What are the prime factors of j?
337
Let s(i) = -34*i + 2. Let r be s(-2). Suppose -5*p - 2*l = -r, 0 = 5*p - 3*l + 15 - 60. What are the prime factors of p?
2, 3
Let b = 8676 - 5685. List the prime factors of b.
3, 997
Let g = -59 - -60. Suppose -2*d + 29 + g = 0. What are the prime factors of d?
3, 5
Suppose 0 = -4*k - 7*q + 3*q + 8568, 2*k - 4296 = 2*q. What are the prime factors of k?
3, 5, 11, 13
Let k be 3 + -1 - (-133)/7. Let x be k/6 + (-3)/6. Suppose -20 = 2*v - x*v. What are the prime factors of v?
2, 5
Let u = 1166 + -119. List the prime factors of u.
3, 349
Suppose 3*t - 1457 - 55 = 0. Suppose -t = -43*r + 40*r. List the prime factors of r.
2, 3, 7
Suppose -10*l + 126 = -13*l. Let f = -33 - l. Suppose -6*n - 42 = -f*n. List the prime factors of n.
2, 7
Let t(a) = 161*a + 179. List the prime factors of t(5).
2, 3, 41
Suppose -30*x + 2*t = -29*x - 1476, -t + 4407 = 3*x. List the prime factors of x.
2, 3, 5, 7
Let p(a) = a**3 + 56*a**2 + 81*a - 1. What are the prime factors of p(-54)?
31, 47
Suppose -5*n + 5*y + 10 = -0*y, 0 = 5*n + 4*y + 17. Let w be n + 150 + 0 + 1. Suppose 5*m + 50 - w = 0. What are the prime factors of m?
2, 5
Let t be (((-4)/(-2))/2 - 1)*-1. Suppose -5*l - 20 = t, 1486 = 5*m - 5*l + l. List the prime factors of m.
2, 3, 7
Let o = 43 + -35. Suppose 5*q = o*q - 186. List the prime factors of q.
2, 31
Suppose 0 = -2*v + 1 + 3, 5*p = 2*v + 31. Let o = p - 6. List the prime factors of 2/(o/((-23)/(-2))).
23
Let w be 1/(2/16)*10/5. Suppose 126 = -w*l + 18*l. What are the prime factors of l?
3, 7
Suppose -5*t + 451 = s, 7*t = 3*t - 4*s + 364. Let n = t + -30. What are the prime factors of n?
2, 3, 5
List the prime factors of 2/14 + 50*(-725)/(-70).
2, 7, 37
Let s = 29 - 42. Let u(y) = -14*y**3 - 13*y**2 - 4*y - 17. Let p(d) = 7*d**3 + 6*d**2 + 2*d + 8. Let k(o) = s*p(o) - 6*u(o). List the prime factors of k(-2).
2, 29
Suppose 4*g + 6 = 2*g, b - g = 3. Let o(c) = c**2 - c - 39. Let x be o(b). Let l = -19 - x. What are the prime factors of l?
2, 5
Suppose -3*m - 2*x + 5 = -33, -x + 4 = 0. Suppose 2*h + 759 = 3*n, -m - 2 = 4*h. What are the prime factors of n?
251
Let y(t) = 8*t**2 - t + 1. Let n be y(1). Let f be 354/n - 9/(-12). Suppose -5*b + 165 = f. List the prime factors of b.
2, 3
List the prime factors of 2947 + (11 - -37)/(-6).
2939
Suppose 2*u + 1354 = -5*k + 5695, -2*k + 1749 = 5*u. What are the prime factors of k?
3, 17
Let r = -3 - 6. Let d(c) = c**2 + 8*c - 5. Let f be d(r). Suppose 145 = 5*q + 3*s - f*s, 58 = 2*q + 5*s. L